on divisor of 651 and 21?
21
Calculate the highest common factor of 7 and 51.
1
Calculate the highest common divisor of 17 and 17.
17
Calculate the greatest common divisor of 54 and 360.
18
Calculate the greatest common divisor of 91 and 377.
13
Calculate the highest common factor of 128 and 32800.
32
What is the greatest common factor of 25 and 1535?
5
Calculate the greatest common factor of 256 and 48.
16
Calculate the greatest common divisor of 527 and 136.
17
What is the highest common divisor of 36 and 9?
9
What is the highest common divisor of 153 and 27?
9
Calculate the greatest common divisor of 4431 and 105.
21
What is the highest common factor of 60 and 3210?
30
Calculate the highest common divisor of 3666 and 3384.
282
Calculate the highest common factor of 2193 and 129.
129
What is the greatest common divisor of 2592 and 32?
32
Calculate the greatest common divisor of 160 and 704.
32
What is the highest common divisor of 6981 and 234?
39
Calculate the greatest common divisor of 444 and 72.
12
What is the greatest common divisor of 624 and 2301?
39
Calculate the highest common factor of 464 and 32.
16
What is the greatest common factor of 4305 and 345?
15
What is the greatest common factor of 351 and 104?
13
What is the highest common divisor of 3840 and 180?
60
What is the highest common divisor of 117 and 27?
9
Calculate the greatest common factor of 1944 and 24.
24
Calculate the greatest common divisor of 182 and 2982.
14
What is the greatest common divisor of 30 and 1005?
15
What is the highest common divisor of 112 and 819?
7
Calculate the greatest common factor of 21 and 28140.
21
What is the greatest common factor of 165 and 240?
15
What is the highest common divisor of 133 and 38?
19
Calculate the greatest common factor of 55 and 275.
55
What is the highest common divisor of 424 and 40?
8
What is the greatest common factor of 36 and 276?
12
Calculate the greatest common factor of 80 and 2.
2
Calculate the greatest common factor of 111 and 3.
3
What is the highest common factor of 855 and 162?
9
What is the greatest common factor of 4843 and 835?
167
What is the highest common divisor of 1015 and 1421?
203
What is the greatest common divisor of 306 and 1122?
102
What is the greatest common factor of 35 and 49?
7
Calculate the highest common factor of 16 and 784.
16
What is the greatest common divisor of 126 and 8400?
42
What is the greatest common factor of 250 and 125?
125
What is the greatest common factor of 416 and 442?
26
Calculate the highest common factor of 144 and 252.
36
Calculate the highest common divisor of 173 and 692.
173
Calculate the greatest common factor of 55 and 1639.
11
Calculate the greatest common divisor of 405 and 6561.
81
Calculate the greatest common factor of 1350 and 75.
75
Calculate the greatest common factor of 132 and 12243.
33
What is the highest common divisor of 483 and 42?
21
What is the greatest common divisor of 92 and 34546?
46
What is the highest common factor of 1636 and 4?
4
What is the greatest common divisor of 6784 and 32?
32
Calculate the highest common divisor of 4138 and 2.
2
What is the greatest common divisor of 10 and 420?
10
Calculate the greatest common factor of 3528 and 72.
72
Calculate the highest common divisor of 1700 and 4216.
68
Calculate the greatest common factor of 48 and 6.
6
Calculate the greatest common factor of 172 and 48.
4
What is the highest common divisor of 40 and 208?
8
Calculate the highest common divisor of 29 and 2349.
29
Calculate the greatest common divisor of 39 and 7683.
39
Calculate the highest common divisor of 11 and 297.
11
Calculate the highest common factor of 405 and 5.
5
What is the greatest common factor of 610 and 366?
122
What is the highest common divisor of 7048 and 16?
8
Calculate the highest common divisor of 56 and 392.
56
What is the greatest common factor of 18 and 486?
18
What is the greatest common factor of 60 and 72?
12
What is the greatest common divisor of 1955 and 255?
85
What is the greatest common factor of 20 and 92?
4
What is the highest common divisor of 7 and 952?
7
What is the greatest common factor of 216 and 54?
54
Calculate the highest common factor of 697 and 187.
17
What is the greatest common divisor of 1131 and 6873?
87
Calculate the greatest common divisor of 434 and 70.
14
What is the greatest common divisor of 1320 and 2365?
55
What is the greatest common factor of 1139 and 67?
67
Calculate the highest common divisor of 299 and 13.
13
What is the highest common factor of 775 and 62?
31
What is the greatest common divisor of 286 and 110?
22
Calculate the greatest common divisor of 87 and 261.
87
Calculate the greatest common divisor of 184 and 8.
8
What is the highest common divisor of 235 and 611?
47
What is the greatest common factor of 1073 and 37?
37
What is the greatest common divisor of 495 and 180?
45
Calculate the highest common factor of 527 and 31.
31
Calculate the highest common divisor of 561 and 5984.
187
Calculate the greatest common divisor of 74 and 2627.
37
Calculate the greatest common factor of 156 and 8124.
12
Calculate the greatest common factor of 6280 and 24.
8
Calculate the highest common divisor of 6 and 123.
3
What is the highest common factor of 210 and 105?
105
What is the greatest common factor of 450 and 54?
18
Calculate the highest common factor of 352 and 64.
32
Calculate the highest common factor of 88 and 32.
8
What is the highest common factor of 9 and 369?
9
Calculate the highest common factor of 2 and 1.
1
Calculate the greatest common divisor of 68 and 187.
17
Calculate the highest common divisor of 187 and 17.
17
What is the highest common factor of 104 and 1755?
13
Calculate the greatest common divisor of 550 and 66.
22
Calculate the greatest common factor of 122 and 3843.
61
Calculate the greatest common divisor of 117 and 286.
13
What is the highest common factor of 200 and 8?
8
What is the highest common divisor of 12 and 57?
3
What is the greatest common factor of 351 and 273?
39
What is the highest common factor of 26 and 6721?
13
Calculate the highest common divisor of 78 and 2769.
39
What is the highest common divisor of 272 and 56?
8
Calculate the highest common factor of 14 and 623.
7
What is the greatest common factor of 17 and 1003?
17
Calculate the greatest common divisor of 34 and 1088.
34
Calculate the highest common factor of 213 and 142.
71
Calculate the highest common factor of 736 and 32.
32
Calculate the highest common divisor of 124 and 4.
4
Calculate the highest common divisor of 3807 and 81.
81
What is the highest common factor of 178 and 86?
2
Calculate the highest common factor of 1188 and 1100.
44
What is the highest common divisor of 150 and 6450?
150
What is the greatest common factor of 22 and 176?
22
What is the greatest common divisor of 30 and 40?
10
What is the highest common divisor of 532 and 2632?
28
What is the highest common divisor of 5 and 7715?
5
Calculate the greatest common divisor of 56 and 154.
14
What is the greatest common divisor of 1066 and 65?
13
What is the highest common factor of 20 and 90?
10
What is the greatest common factor of 8 and 296?
8
What is the greatest common factor of 876 and 96?
12
What is the greatest common divisor of 216 and 78?
6
Calculate the greatest common factor of 95 and 9310.
95
Calculate the greatest common divisor of 197 and 8077.
197
Calculate the highest common divisor of 49 and 917.
7
Calculate the greatest common divisor of 194 and 7760.
194
Calculate the greatest common factor of 131 and 46505.
131
What is the highest common factor of 988 and 133?
19
Calculate the highest common factor of 1246 and 126.
14
What is the highest common divisor of 48 and 304?
16
What is the highest common divisor of 20 and 460?
20
What is the greatest common divisor of 1560 and 39?
39
Calculate the greatest common factor of 308 and 84.
28
Calculate the greatest common factor of 1432 and 179.
179
What is the highest common divisor of 59652 and 12?
12
What is the highest common factor of 196 and 4?
4
What is the greatest common factor of 1600 and 1216?
64
What is the greatest common factor of 25 and 21700?
25
Calculate the highest common factor of 28 and 7.
7
Calculate the greatest common divisor of 112